rs of 401863?
7, 11, 17, 307
What are the prime factors of 114883?
114883
What are the prime factors of 20511966?
2, 3, 3418661
List the prime factors of 721736.
2, 90217
List the prime factors of 537587.
537587
What are the prime factors of 448774?
2, 457, 491
List the prime factors of 121308.
2, 3, 11, 919
List the prime factors of 283268.
2, 23, 3079
List the prime factors of 61997.
13, 19, 251
List the prime factors of 970600.
2, 5, 23, 211
What are the prime factors of 279344?
2, 13, 17, 79
What are the prime factors of 472442?
2, 53, 4457
List the prime factors of 770061.
3, 256687
List the prime factors of 489399.
3, 37, 4409
List the prime factors of 1472642.
2, 17, 43313
What are the prime factors of 1935498?
2, 3, 322583
What are the prime factors of 443053?
13, 173, 197
What are the prime factors of 1790316?
2, 3, 11, 137
What are the prime factors of 5289965?
5, 1057993
List the prime factors of 3114083.
7, 444869
List the prime factors of 5759406.
2, 3, 319967
What are the prime factors of 3140170?
2, 5, 11, 28547
What are the prime factors of 451502?
2, 225751
What are the prime factors of 13374?
2, 3, 743
List the prime factors of 1614379.
13, 124183
What are the prime factors of 38272817?
11, 31, 112237
What are the prime factors of 563247?
3, 23, 907
List the prime factors of 7608900.
2, 3, 5, 13, 1951
List the prime factors of 1736302.
2, 868151
List the prime factors of 5058534.
2, 3, 13, 64853
What are the prime factors of 333181?
29, 11489
List the prime factors of 574962.
2, 3, 79, 1213
What are the prime factors of 150980?
2, 5, 7549
What are the prime factors of 185195?
5, 37039
What are the prime factors of 1019750?
2, 5, 4079
What are the prime factors of 64718?
2, 32359
List the prime factors of 234870.
2, 3, 5, 7829
What are the prime factors of 5780844?
2, 3, 160579
List the prime factors of 194930.
2, 5, 101, 193
List the prime factors of 1322355.
3, 5, 199, 443
What are the prime factors of 2433181?
331, 7351
List the prime factors of 1507797.
3, 29, 53, 109
List the prime factors of 73715.
5, 23, 641
List the prime factors of 1014705.
3, 5, 22549
What are the prime factors of 302684?
2, 31, 2441
What are the prime factors of 570804?
2, 3, 13, 3659
List the prime factors of 1978380.
2, 3, 5, 29, 379
List the prime factors of 1694816.
2, 52963
List the prime factors of 983804.
2, 47, 5233
List the prime factors of 266341.
113, 2357
List the prime factors of 1787371.
251, 7121
List the prime factors of 9683090.
2, 5, 419, 2311
What are the prime factors of 432712?
2, 7, 7727
What are the prime factors of 304383?
3, 241, 421
List the prime factors of 145234.
2, 72617
What are the prime factors of 197172?
2, 3, 5477
What are the prime factors of 68296?
2, 8537
List the prime factors of 106470.
2, 3, 5, 7, 13
List the prime factors of 218631.
3, 7, 29, 359
List the prime factors of 486586.
2, 223, 1091
List the prime factors of 720609.
3, 240203
List the prime factors of 24502.
2, 12251
What are the prime factors of 32343385?
5, 31, 208667
What are the prime factors of 32968837?
11, 983, 3049
List the prime factors of 457508.
2, 114377
List the prime factors of 2420914.
2, 31, 39047
What are the prime factors of 1243281?
3, 13, 71, 449
List the prime factors of 328374.
2, 3, 2027
What are the prime factors of 4220628?
2, 3, 509, 691
What are the prime factors of 178092?
2, 3, 17, 97
What are the prime factors of 1791321?
3, 7, 197, 433
What are the prime factors of 8249188?
2, 2062297
What are the prime factors of 2729326?
2, 1364663
List the prime factors of 11701257.
3, 83, 46993
What are the prime factors of 28831597?
29, 994193
List the prime factors of 214292.
2, 13, 317
What are the prime factors of 5974920?
2, 3, 5, 7, 2371
What are the prime factors of 13533?
3, 13, 347
What are the prime factors of 182363?
43, 4241
What are the prime factors of 29377?
29, 1013
List the prime factors of 424788.
2, 3, 7, 13, 389
List the prime factors of 70083.
3, 13, 599
What are the prime factors of 408703?
408703
What are the prime factors of 453261?
3, 23, 6569
List the prime factors of 1305209.
17, 76777
List the prime factors of 6231866.
2, 3115933
What are the prime factors of 951277?
951277
What are the prime factors of 423182?
2, 457, 463
List the prime factors of 701341.
701341
What are the prime factors of 995670?
2, 3, 5, 13, 23, 37
List the prime factors of 4773769.
7, 11, 13, 19, 251
List the prime factors of 274615.
5, 11, 4993
List the prime factors of 133589.
19, 79, 89
What are the prime factors of 190804?
2, 47701
What are the prime factors of 166326?
2, 3, 19, 1459
List the prime factors of 254036.
2, 41, 1549
What are the prime factors of 37058?
2, 7, 2647
What are the prime factors of 1528725?
3, 5, 11, 17, 109
What are the prime factors of 513280?
2, 5, 401
List the prime factors of 3822905.
5, 59, 12959
What are the prime factors of 1300463?
1300463
What are the prime factors of 10007819?
10007819
List the prime factors of 27183735.
3, 5, 61, 3301
List the prime factors of 504451.
47, 10733
List the prime factors of 804962.
2, 277, 1453
What are the prime factors of 4893067?
4893067
What are the prime factors of 28986311?
149, 227, 857
What are the prime factors of 731112?
2, 3, 41, 743
What are the prime factors of 379395?
3, 5, 8431
List the prime factors of 3719480.
2, 5, 92987
List the prime factors of 4353115.
5, 13, 193, 347
List the prime factors of 138613.
97, 1429
What are the prime factors of 225361?
179, 1259
List the prime factors of 100888.
2, 12611
What are the prime factors of 1695440?
2, 5, 21193
What are the prime factors of 880051?
173, 5087
List the prime factors of 1376395.
5, 47, 5857
List the prime factors of 68941.
71, 971
What are the prime factors of 895722?
2, 3, 149287
What are the prime factors of 507449?
23, 22063
What are the prime factors of 3495758?
2, 7, 35671
List the prime factors of 1477047.
3, 11, 13, 313
What are the prime factors of 2094824?
2, 401, 653
What are the prime factors of 24558?
2, 3, 4093
What are the prime factors of 4436495?
5, 7, 126757
List the prime factors of 88996.
2, 19, 1171
What are the prime factors of 271282?
2, 11, 19, 59
What are the prime factors of 2076562?
2, 61, 17021
What are the prime factors of 113317?
47, 2411
List the prime factors of 493419.
3, 23, 7151
What are the prime factors of 94503?
3, 17, 109
What are the prime factors of 287945?
5, 7, 19, 433
What are the prime factors of 421427?
131, 3217
List the prime factors of 4072065.
3, 5, 271471
What are the prime factors of 3222492?
2, 3, 7, 13, 227
List the prime factors of 39326888.
2, 2129, 2309
What are the prime factors of 19400615?
5, 13, 19, 23, 683
List the prime factors of 223992.
2, 3, 17, 61
List the prime factors of 1441866.
2, 3, 47, 5113
What are the prime factors of 230022?
2, 3, 13, 983
What are the prime factors of 22997454?
2, 3, 439, 8731
What are the prime factors of 42736?
2, 2671
List the prime factors of 49158.
2, 3, 2731
List the prime factors of 30114482.
2, 15057241
List the prime factors of 4033732.
2, 1008433
What are the prime factors of 5255174?
2, 191, 13757
List the prime factors of 450210.
2, 3, 5, 43, 349
What are the prime factors of 325351?
13, 29, 863
What are the prime factors of 3310925?
5, 132437
List the prime factors of 2641530.
2, 3, 5, 191, 461
List the prime factors of 36835160.
2, 5, 173, 5323
What are the prime factors of 8787162?
2, 3, 313, 4679
What are the prime factors of 20231604?
2, 3, 251, 2239
List the prime factors of 325888.
2, 19, 67
What are the prime factors of 80642?
2, 61, 661
List the prime factors of 65354.
2, 41, 797
What are the prime factors of 4827608?
2, 23, 26237
List the prime factors of 3243016.
2, 7, 8273
List the prime factors of 558455.
5, 61, 1831
List the prime factors of 179165.
5, 7, 5119
What are the prime factors of 8647196?
2, 37, 58427
What are the prime factors of 11156356?
2, 2789089
List the prime factors of 8494783.
11, 89, 8677
What are the prime factors of 11922004?
2, 23, 129587
List the prime factors of 129208.
2, 31, 521
List the prime factors of 180798.
2, 3, 30133
What are the prime factors of 23657?
41, 577
What are the prime factors of 872226?
2, 3, 47, 1031
List the prime factors